9)/(3/24*3).
2
Suppose 5*z - 7*n - 1358 = -5*n, 0 = -4*z + n + 1084. List the prime factors of z.
2, 3, 5
Let w be (1 + 1/(-1))/(-1). Suppose 2*p - 3 - 1 = w. Suppose -3 = -p*k + k. What are the prime factors of k?
3
Let n be (3/5)/(4/260). Let x = 55 - n. List the prime factors of x.
2
Suppose -60 = 4*q - 9*q. What are the prime factors of q?
2, 3
Let s(b) = -2*b**3 - 3*b**2 + 7*b + 4. List the prime factors of s(-4).
2, 7
Let g be 1*(-3)/3*-4. Suppose -4*p - 2*f = -5*f + 15, g*p = -2*f + 10. Suppose -r = -m - 1, p*r + r + 7 = 3*m. What are the prime factors of r?
5
Suppose -7 + 3 = -t. List the prime factors of t.
2
Let z(t) = 5*t**3 - t**2 + 2*t - 1. Let p be z(1). List the prime factors of 152/p - (-4)/(-10).
2, 3, 5
Let q = 1 + 4. Suppose n - q = -2. Suppose n*l - 2 = 13. List the prime factors of l.
5
Let a(y) = 0*y + y + 3 + 4. List the prime factors of a(5).
2, 3
Suppose 0 = -2*r + 35 + 23. List the prime factors of r.
29
Suppose -28 - 2 = -5*m. Suppose -m*l + 45 = -l. List the prime factors of l.
3
Suppose -1 + 91 = 3*l. Suppose 2*p + 0*p = n - 9, 0 = -n - 5*p + l. What are the prime factors of n?
3, 5
Suppose -2*c - 4*y - 28 = -4*c, 5*c = y + 25. What are the prime factors of c?
2
Suppose -34 = -r - r. List the prime factors of r.
17
Suppose -2*u - 201 = -6*f + f, 0 = -4*f + u + 162. List the prime factors of f.
41
Let g be (-6)/(-4)*12/9. Suppose -2 = 4*q - g*q. What are the prime factors of -2 + 9 - (3 + q)?
5
Let k(a) = 2*a**2 - 5*a - 3. What are the prime factors of k(5)?
2, 11
Suppose -s + 43 = -0*j - j, 2*s - 56 = -4*j. What are the prime factors of s?
2, 19
Suppose 58 = s + 8. List the prime factors of s.
2, 5
Let y(j) = 105*j**3 + 2*j**2 - j. List the prime factors of y(1).
2, 53
Let t(i) = i**3 + 8*i**2 - 1. Let a be t(-8). Let w be ((-12)/a)/3 - 2. Suppose 4 + 20 = w*o. What are the prime factors of o?
2, 3
Let w = 1 + -3. What are the prime factors of (w - 28/(-6))*6?
2
Let h(j) = 2*j**2 + 6*j + 2. What are the prime factors of h(-5)?
2, 11
Let g = 50 + -19. What are the prime factors of g?
31
Let h = -1 + 3. Suppose h*v - 60 = 36. List the prime factors of v/30*(-50)/(-4).
2, 5
Suppose 5*w - 5*a = -4 - 6, 5*w - 2*a = -7. What are the prime factors of (w - 46/(-8))*4?
19
Suppose 5*l = -12 - 3. Let s be 2 + l - 8/(-2). Suppose 0 = -s*t + 7 + 20. List the prime factors of t.
3
Let m(w) = w**3 + 12*w**2 - 13*w + 3. List the prime factors of m(-13).
3
Let j be (-18)/(-4)*6/9. Suppose 0 = -j*t - 0*t. Suppose k = -t*k + 2. List the prime factors of k.
2
Suppose -3*n + 1 = -2. Let d = n + -1. List the prime factors of 2/((-4)/(-10) + d).
5
List the prime factors of ((-95)/(-15) - 4)/(1/3).
7
Suppose -4*m = 3*m - 1323. What are the prime factors of m?
3, 7
Let z(t) be the first derivative of t**4/4 - 4*t**3/3 + 3*t**2/2 - 6*t - 2. Let d be z(4). Suppose -v = -4*v + d. What are the prime factors of v?
2
Let k = 201 - 180. What are the prime factors of k?
3, 7
Let p be 470/9 + (-6)/27. Suppose 3*k = 5*b + 42 - 130, 3*b - 2*k - p = 0. Suppose 0 = 6*q - 4*q - b. What are the prime factors of q?
2, 5
Suppose s - j - 5 = 0, -2*s = -4*s - 3*j - 15. Suppose -r + s + 30 = 0. What are the prime factors of r?
2, 3, 5
Let p(k) = 2 + 4*k**2 - 4 - 5*k**2 + 4 + 9*k. List the prime factors of p(8).
2, 5
Suppose -2*h = 2*h - 12, -2*j + 405 = -h. List the prime factors of j.
2, 3, 17
Let z = -5 - -8. Let s(x) = -5 - x**3 - 3*x**2 + 2*x + 0*x**z + 0*x**3. What are the prime factors of s(-4)?
3
Suppose 0 = 2*m - 41 - 51. List the prime factors of m.
2, 23
Suppose -8*l - l + 1971 = 0. What are the prime factors of l?
3, 73
Suppose 5*p - 15 + 1 = -4*m, 3*m - p = 20. List the prime factors of m.
2, 3
Suppose -50 = 2*l + 4. Let r = 52 + l. What are the prime factors of r?
5
Let f = -22 + 39. Suppose -3*r = -i + 5 - f, -2*r - 3*i + 8 = 0. What are the prime factors of r?
2
Let t = 231 + -95. What are the prime factors of t?
2, 17
Let b be (-56)/(-6)*(-3)/2. Let t = -7 - b. List the prime factors of t.
7
Let z(i) = -8*i**3 + 3*i**2 - 9*i - 5. Let m(o) = -7*o**3 + 2*o**2 - 8*o - 4. Let k(j) = -7*m(j) + 6*z(j). What are the prime factors of k(-2)?
2
Suppose -5*q = -4*q - 4. Suppose -2*o - q = -3*o. List the prime factors of o.
2
Let u = 22 - 16. Let c(p) = -p**2 + 6*p + 5. List the prime factors of c(u).
5
Suppose -a - a = 2*l - 74, -3*a - 5*l = -121. Suppose 2*y + 8 = 0, -4*b = 3*y + y - a. What are the prime factors of b?
2, 3
List the prime factors of 2/((-1)/(604/(-612)) + -1).
151
Suppose -5*s + 5*o + 300 = 0, -170 = -3*s - o - o. Let b = -18 + s. List the prime factors of b.
2, 5
Let f = 49 - -17. What are the prime factors of f?
2, 3, 11
Let u(r) = 12*r - 4. What are the prime factors of u(2)?
2, 5
Suppose -5*r = 5*k + 37 + 23, r = -2. Let v be ((-16)/6)/1*3. Let t = v - k. What are the prime factors of t?
2
Suppose 87*o - 83*o = 192. Let n(y) = -30*y. Let j be n(-1). Let r = o - j. List the prime factors of r.
2, 3
Let z = -31 + 73. List the prime factors of z.
2, 3, 7
Let n = -33 - -62. List the prime factors of n.
29
Let h = 10 + -12. Let o(p) = -2*p**3 + 3*p**2 + p + 1. List the prime factors of o(h).
3
Let x = -49 - -82. Let g = -72 + x. What are the prime factors of g/(-4) + (-3)/(-12)?
2, 5
Let b = -2 + 11. Suppose -5*t = -1 - b. List the prime factors of t.
2
Let z = -4 - -8. Suppose 2*t - z = -5*s, -3*s = 2*s. List the prime factors of (t/4)/((-6)/(-84)).
7
Let a(m) = -24*m + 20. What are the prime factors of a(-4)?
2, 29
Suppose -2*m - m + 24 = 0. Let k = m + 9. Let z = -10 + k. List the prime factors of z.
7
Suppose -4*r + 620 = -2*y, 3*r - y = -6*y + 491. What are the prime factors of r?
157
Let b = 665 + -432. What are the prime factors of b?
233
Let g = -2 + 1. Let c be 3/(g + (-11)/(-8)). What are the prime factors of 0 + 0 + 1 + c?
3
Let o be (10/(-4))/(5/(-10)). Suppose 6 - 15 = -3*w - 3*n, o*n = -5. Let k = w - -2. What are the prime factors of k?
2, 3
Let n(l) be the first derivative of l**3/3 - l**2/2 + 6*l - 7. What are the prime factors of n(6)?
2, 3
Let k = -111 + 225. What are the prime factors of k?
2, 3, 19
Let t(y) = -y**2 + y + 6. Let h be t(0). Suppose h*i = 2*i - 40. Let f = i - -19. List the prime factors of f.
3
Let t(b) = 20*b + 1. What are the prime factors of t(2)?
41
Let b be 50*(-1)/(-4)*2. Suppose -b = 2*n - 7*n. List the prime factors of n.
5
Let a(m) = -14*m**3 - m**2 + m. Let c be a(1). Let b be 4/14 - 24/c. Suppose -u - b*u - 20 = -s, 0 = -2*s - u + 19. What are the prime factors of s?
11
Suppose -4*p - u = u - 246, -5*p + 306 = 3*u. What are the prime factors of p?
3, 7
Let j(n) = -n**3 + 10*n**2 + 5. Let v be j(6). Suppose 0*r + 3*z = -5*r + v, -2*r + 53 = -z. What are the prime factors of r?
2, 7
Suppose -m + 126 = i, 2*m + i - 256 = -2*i. What are the prime factors of m?
2, 61
Let t(o) = 2*o**2 - 23*o - 14. What are the prime factors of t(16)?
2, 5, 13
Let h(q) = -q**2 + 2*q - 9. Let m be h(6). List the prime factors of -1 + -2 - m/3.
2
Let m = -10 - -15. Let s = -15 + m. List the prime factors of (-124)/s + 10/(-25).
2, 3
Let h = -183 + 259. List the prime factors of h.
2, 19
List the prime factors of (-60)/(-50)*115/1.
2, 3, 23
Let s(f) = f + 17. Suppose -2*y - 5*v - 25 = 0, -y - v = -6*v - 25. Suppose 14 = -2*w - y. List the prime factors of s(w).
2, 5
Let r = -245 - -528. List the prime factors of r.
283
Let w(t) = t - 11. Let h be w(14). Suppose -u - 2*u = -15. Let p = u - h. List the prime factors of p.
2
Let d(t) = -16*t - 53. What are the prime factors of d(-9)?
7, 13
Let v be 1 - (0 + 69/(-1)). Let l = 120 - v. Suppose 0 = -0*j - 5*j + l. List the prime factors of j.
2, 5
Suppose -j + 76 = 3*j. What are the prime factors of j?
19
Let r = -471 + 674. List the prime factors of r.
7, 29
Let k = -36 - 16. List the prime factors of (-3)/2*k/6.
13
Let b(r) = 38*r**2 - 2*r + 1. Let j be b(1). Suppose 4*w = j + 43. What are the prime factors of w?
2, 5
Suppose -70 = -5*g - 30. Let v(i) = -i**3 + 5*i**2 + 8*i - 9. Let d be v(6). Let b = g - d. List the prime factors of b.
5
Suppose 22 = 5*s - 3, 2*s = p + 57. Let a = -24 - p. List the prime factors of a.
23
List the prime factors of 338/7 - 8/28.
2, 3
Let b be (2/4)/((-4)/(-120)). Suppose 0*w = 3*w - b. Suppose 20 = -3*v + w*v. List the prime factors 